 322?
8
Calculate the remainder when 5862 is divided by 23.
20
What is the remainder when 303 is divided by 107?
89
What is the remainder when 459 is divided by 94?
83
Calculate the remainder when 83 is divided by 49.
34
What is the remainder when 362 is divided by 28?
26
What is the remainder when 110 is divided by 83?
27
Calculate the remainder when 117 is divided by 12.
9
What is the remainder when 139 is divided by 70?
69
What is the remainder when 19681 is divided by 74?
71
What is the remainder when 214 is divided by 45?
34
What is the remainder when 127 is divided by 47?
33
Calculate the remainder when 343 is divided by 43.
42
What is the remainder when 84 is divided by 11?
7
Calculate the remainder when 622 is divided by 208.
206
Calculate the remainder when 501 is divided by 159.
24
What is the remainder when 4513 is divided by 251?
246
Calculate the remainder when 466 is divided by 140.
46
What is the remainder when 92 is divided by 26?
14
What is the remainder when 1105 is divided by 74?
69
What is the remainder when 234 is divided by 90?
54
Calculate the remainder when 75 is divided by 21.
12
Calculate the remainder when 83 is divided by 6.
5
Calculate the remainder when 5469 is divided by 32.
29
Calculate the remainder when 3011 is divided by 15.
11
Calculate the remainder when 1867 is divided by 72.
67
What is the remainder when 773 is divided by 5?
3
What is the remainder when 43305 is divided by 36?
33
Calculate the remainder when 179 is divided by 18.
17
What is the remainder when 552 is divided by 51?
42
Calculate the remainder when 53 is divided by 18.
17
What is the remainder when 11169 is divided by 19?
16
What is the remainder when 123 is divided by 110?
13
What is the remainder when 502 is divided by 16?
6
What is the remainder when 124 is divided by 32?
28
Calculate the remainder when 80 is divided by 49.
31
What is the remainder when 148 is divided by 52?
44
What is the remainder when 477 is divided by 15?
12
What is the remainder when 633 is divided by 71?
65
What is the remainder when 711 is divided by 23?
21
What is the remainder when 647 is divided by 13?
10
Calculate the remainder when 203 is divided by 27.
14
What is the remainder when 496 is divided by 226?
44
Calculate the remainder when 181 is divided by 23.
20
What is the remainder when 1000 is divided by 17?
14
Calculate the remainder when 2859 is divided by 55.
54
What is the remainder when 288 is divided by 140?
8
What is the remainder when 1057 is divided by 89?
78
Calculate the remainder when 290 is divided by 98.
94
Calculate the remainder when 495 is divided by 63.
54
What is the remainder when 1953 is divided by 42?
21
Calculate the remainder when 235 is divided by 14.
11
Calculate the remainder when 779 is divided by 30.
29
Calculate the remainder when 1106 is divided by 53.
46
What is the remainder when 454 is divided by 146?
16
What is the remainder when 231 is divided by 53?
19
Calculate the remainder when 1571 is divided by 278.
181
Calculate the remainder when 6418 is divided by 44.
38
Calculate the remainder when 40 is divided by 7.
5
What is the remainder when 10732 is divided by 19?
16
What is the remainder when 400 is divided by 80?
0
Calculate the remainder when 321 is divided by 117.
87
Calculate the remainder when 165 is divided by 156.
9
What is the remainder when 7258 is divided by 12?
10
What is the remainder when 86 is divided by 78?
8
Calculate the remainder when 31 is divided by 21.
10
What is the remainder when 367 is divided by 44?
15
Calculate the remainder when 1869 is divided by 17.
16
Calculate the remainder when 7890 is divided by 53.
46
What is the remainder when 5414 is divided by 48?
38
What is the remainder when 822 is divided by 122?
90
What is the remainder when 1916 is divided by 113?
108
What is the remainder when 233 is divided by 43?
18
Calculate the remainder when 565 is divided by 556.
9
What is the remainder when 313 is divided by 20?
13
What is the remainder when 67 is divided by 35?
32
What is the remainder when 805 is divided by 81?
76
Calculate the remainder when 978 is divided by 24.
18
What is the remainder when 397 is divided by 387?
10
Calculate the remainder when 2133 is divided by 11.
10
Calculate the remainder when 933 is divided by 52.
49
Calculate the remainder when 1155 is divided by 27.
21
What is the remainder when 1069 is divided by 531?
7
Calculate the remainder when 2665 is divided by 58.
55
Calculate the remainder when 2337 is divided by 65.
62
Calculate the remainder when 948 is divided by 19.
17
What is the remainder when 332 is divided by 37?
36
What is the remainder when 2624 is divided by 75?
74
What is the remainder when 256 is divided by 43?
41
What is the remainder when 39 is divided by 26?
13
Calculate the remainder when 437 is divided by 182.
73
Calculate the remainder when 117 is divided by 30.
27
Calculate the remainder when 2134 is divided by 2119.
15
Calculate the remainder when 80 is divided by 42.
38
What is the remainder when 421 is divided by 85?
81
What is the remainder when 86 is divided by 85?
1
What is the remainder when 373 is divided by 22?
21
Calculate the remainder when 617 is divided by 173.
98
What is the remainder when 3933 is divided by 11?
6
Calculate the remainder when 9678 is divided by 149.
142
What is the remainder when 91 is divided by 34?
23
Calculate the remainder when 595 is divided by 329.
266
What is the remainder when 196 is divided by 18?
16
Calculate the remainder when 416 is divided by 83.
1
What is the remainder when 1498 is divided by 16?
10
Calculate the remainder when 140 is divided by 21.
14
What is the remainder when 1030 is divided by 343?
1
Calculate the remainder when 274 is divided by 98.
78
Calculate the remainder when 340 is divided by 166.
8
What is the remainder when 46826 is divided by 121?
120
What is the remainder when 1533 is divided by 16?
13
Calculate the remainder when 358 is divided by 101.
55
What is the remainder when 6003 is divided by 79?
78
Calculate the remainder when 1604 is divided by 177.
11
What is the remainder when 124 is divided by 85?
39
Calculate the remainder when 1213 is divided by 1204.
9
Calculate the remainder when 805 is divided by 197.
17
Calculate the remainder when 3931 is divided by 19.
17
Calculate the remainder when 15653 is divided by 261.
254
What is the remainder when 155 is divided by 56?
43
Calculate the remainder when 348 is divided by 245.
103
Calculate the remainder when 46 is divided by 20.
6
What is the remainder when 958 is divided by 8?
6
Calculate the remainder when 173 is divided by 13.
4
Calculate the remainder when 645 is divided by 26.
21
What is the remainder when 751 is divided by 58?
55
What is the remainder when 132 is divided by 72?
60
Calculate the remainder when 1374 is divided by 231.
219
Calculate the remainder when 357 is divided by 356.
1
What is the remainder when 2157 is divided by 108?
105
What is the remainder when 2068 is divided by 86?
4
Calculate the remainder when 195 is divided by 42.
27
Calculate the remainder when 222 is divided by 3.
0
Calculate the remainder when 165 is divided by 13.
9
What is the remainder when 1164 is divided by 146?
142
What is the remainder when 1305 is divided by 77?
73
What is the remainder when 154 is divided by 26?
24
Calculate the remainder when 408 is divided by 82.
80
What is the remainder when 877 is divided by 110?
107
What is the remainder when 291 is divided by 73?
72
Calculate the remainder when 643 is divided by 93.
85
What is the remainder when 288 is divided by 139?
10
Calculate the remainder when 49 is divided by 5.
4
Calculate the remainder when 1010 is divided by 992.
18
What is the remainder when 175 is divided by 23?
14
What is the remainder when 2201 is divided by 38?
35
What is the remainder when 147 is divided by 25?
22
What is the remainder when 3903 is divided by 71?
69
What is the remainder when 126 is divided by 19?
12
What is the remainder when 191 is divided by 32?
31
What is the remainder when 271 is divided by 59?
35
Calculate the remainder when 10360 is divided by 25.
10
What is the remainder when 2031 is divided by 28?
15
Calculate the remainder when 111 is divided by 65.
46
Calculate the remainder whe